 + 2*m - 3. Give r(w).
-11
Let v be 5/((-5)/(-2))*1. Suppose -1 = -l + v. Let f(t) = 9*t - 2*t**2 + t**2 - 3 - 5*t. Give f(l).
0
Let f(j) = 0*j**3 + j**3 - 7*j**2 - 2*j**2 - 5. Let s be f(9). Let a(i) = 4*i + 12. Let o(b) = -11*b - 36. Let n(c) = -8*a(c) - 3*o(c). What is n(s)?
7
Let k(h) be the first derivative of 4 + h**2 - 4/3*h**3 + h - 1/4*h**4. Give k(-4).
-7
Let l(u) = -u + 13. Let d(a) = a + 20. Let x be d(-10). Let s be l(x). Let t(y) = y**2 - 6*y + 4. Calculate t(s).
-5
Let l = 4 - 9. Let v(m) = -m**3 - 5*m**2 + 1. Let q be v(l). Let z(g) = 2*g**2 + g - 1. Determine z(q).
2
Let v(h) = h + 1. Let u(a) = a**2 - 7*a - 6. Let t(x) = u(x) + 6*v(x). What is t(2)?
2
Let v(m) be the second derivative of m**4/12 - m**3/3 - m. Let t(i) = 3*i**2 - 5*i + 2. Let c be t(2). Suppose -z + h = 6*h - 12, -c*z = h - 10. Give v(z).
0
Let k(x) = -5*x + 3. Let o(d) = 11*d - 7. Let j(y) = -9*k(y) - 4*o(y). Calculate j(3).
4
Let o(a) be the first derivative of -a**4/2 - a**2 - a - 27. Calculate o(-1).
3
Let f(i) = i**2 - 3*i - 3. Let o be 2 - 3/2*-2. Suppose 0 = 4*g - 4, o*m - 3*g = -4*g + 21. What is f(m)?
1
Let k(f) = -6 + f + 13 + f. Let o be -4 + 5 + (-2 - 2). Let b be (-6)/(-9)*-12 - o. Determine k(b).
-3
Let x(o) = 5*o**2 - o. Let s(q) = -q**2 + 11*q - 8. Let v be s(10). What is x(v)?
18
Suppose -4*x + 7 = -9. Suppose -x*w + 5 = 5*f - 28, 2*f - 10 = 0. Suppose 0*l + 12 = -4*j + 4*l, j - w*l + 7 = 0. Let g(k) = 3*k. Determine g(j).
3
Let j be -1 - (-3)/(6/(-4)). Let l(x) = -x - 2. What is l(j)?
1
Suppose -2*a + 5*u - 23 = 0, 2*a - u + 2*u = -53. Let y be a/(1/(-2) + 2). Let f = -11 - y. Let t(p) = -2*p + 7. Calculate t(f).
-3
Let s(z) = 9 + 0*z**2 + 6*z**2 + 8*z**2 - 9*z. Let j(y) = -5*y**2 + 3*y - 3. Let x = -21 + 10. Let m(r) = x*j(r) - 4*s(r). What is m(3)?
-3
Let l(g) = g**3 + 3*g**2 - 1. Let w be l(-1). Let r(b) = -1928*b + 1918*b + 1 - 2. Determine r(w).
-11
Let q be (5 - 8)*14/(-3). Let k(v) = 16*v**2 + 0*v + 0*v + 1 - q*v**2. Determine k(-1).
3
Let z(y) = -1 + 3*y + 2*y + y - 4*y. Give z(-1).
-3
Let s(j) be the third derivative of j**6/360 - j**5/40 + j**4/12 - j**3/3 - j**2. Let x(o) be the first derivative of s(o). What is x(2)?
0
Suppose -2*g - 17 = -0*g + 3*s, -14 = 5*g - 2*s. Let a(i) be the second derivative of -i**5/20 - i**4/4 + i**3/2 - 3*i**2/2 - i. Give a(g).
1
Let i(y) = y**3 + 24*y**2 - 24*y + 15. Let m be i(-25). Let n(h) = -h**2 - 11*h - 8. Calculate n(m).
2
Let t(f) = -f**2 - 4*f + 5. Let i(g) = g + 10. Let l be i(-7). Suppose -2*c - w = 9, c + 4 = -3*w - l. What is t(c)?
5
Suppose 18 = -3*g - 3*i, 3*g + 2*i + 3 = -11. Let z = 2 + g. Let s(o) = -o + 4. Give s(z).
4
Let q be 28/6 + 4/(-6). Let a(c) = -c**3 - c + 4. Let h(o) = -o**3 - o + 5. Let s(z) = q*h(z) - 5*a(z). Give s(0).
0
Let n(w) be the first derivative of -3*w**2/2 - 3*w + 32. Give n(-5).
12
Let q(s) = 5*s - 1. Let p be 42/2*60/(-70). Suppose 0 = -4*h - h - 30. Let i be h*3/(p/2). Give q(i).
9
Let j(i) = -i**2 - 3*i + 2. Let o be (-4)/(-18) + 16/9. Suppose -6*g = -o*g - 8. Give j(g).
-8
Let f = 7 + -5. Let i(u) = f + 2*u + 0*u - 7*u + u**2. Determine i(3).
-4
Suppose 130 = 5*k + 45. Let m(n) = -k*n**2 + 16*n**2 + 5*n**3 + 9*n**3. Give m(1).
13
Let p(d) = -d + 2*d - 5*d - 3 + d. Determine p(-4).
9
Let a(r) = 1. Let s(g) = -g**3 - 4*g**2 - g + 2. Let x(q) = 2*a(q) + s(q). Determine x(-4).
8
Suppose 21*b - 18*b = -3. Let w(y) = 4*y**3 - 2*y**2 - 2*y - 1. What is w(b)?
-5
Let t(l) be the second derivative of -l**4/12 - 7*l**3/6 - 2*l**2 - l. Let q = -36 - -29. Determine t(q).
-4
Suppose -o - 3 - 2 = 0. Let r = o + 3. Let w(u) be the second derivative of -u**4/12 - 3*u. Determine w(r).
-4
Let n(z) = -z**2 + 5*z + 4. Let v(a) be the first derivative of a**3/3 + 3*a**2 + 4*a - 4. Let j be v(-6). Calculate n(j).
8
Let c(k) = 4*k. Let m = 0 - 1. Give c(m).
-4
Let i(x) be the first derivative of -x**6/120 + x**5/60 + x**4/24 - 2*x**2 - 2. Let g(p) be the second derivative of i(p). Calculate g(0).
0
Let m be (-27)/(-6)*(-4)/(-1). Let x be (-4)/(-18) + (-76)/m. Let k(w) = -w**3 - 4*w**2 + w - 5. What is k(x)?
-9
Let b(c) = c - 6. Let y(z) = -z**2 - 10*z - 5. Let q be y(-5). Let t be 4/q + 2/(-10). Calculate b(t).
-6
Suppose 2*g - 50 = -3*g. Let a be (-2)/5 - 86/g. Let c be 2/a + 94/18. Let w(q) = q - 7. Give w(c).
-2
Let r(p) = -p**3 + 7*p**2 - 4*p - 7. Let c(q) = 6*q. Let t be c(1). Let j be r(t). Let b(x) = -x + 4. What is b(j)?
-1
Let j(r) = r**3 + 8*r**2 - r - 2. Suppose 13 = -g - x, -3*g + 3*x - 8*x = 49. Give j(g).
6
Let x(k) = k - 11. Let i = 12 + -5. What is x(i)?
-4
Let x(u) = -u. Suppose -4*s + 28 = 3*s. Give x(s).
-4
Let b = 8 - 14. Let a(h) = -2*h**3 - 2*h**3 + h**3 + 7*h**2 + 7 + 4*h**3 + 7*h. Calculate a(b).
1
Let o = 2 - 5. Let x(j) = 5*j + 3. Let a(d) = -d - 1. Let q(v) = o*a(v) - x(v). Give q(3).
-6
Suppose 0 = -y - 2*u + 1, -3*y + u - 17 = 2*y. Let g = -1 - y. Let m(h) = h**3 - 5*h**2 - 2*h - h**g + 3*h**2 + 0*h**2 - 3. Calculate m(4).
5
Let q(y) = -12*y**3 - 4*y**2 - 6*y - 4. Let s(k) = -12*k**3 - 5*k**2 - 7*k - 5. Let x(m) = 6*q(m) - 5*s(m). Let u = -140 - -141. What is x(u)?
-11
Let c(t) = t**2 + 4*t. Let o = 6 + -3. Let p(r) = -3*r + r**2 + 3*r**2 + 0*r + r**o + 5 + 0*r**2. Let h be p(-5). Determine c(h).
5
Let n(p) be the second derivative of -p**5/20 + p**4/12 + p**3/6 - p**2/2 + 14*p. Determine n(0).
-1
Suppose 3*j + j = 4. Suppose -4*g + 7 = -j. Let c(p) = -3*p + p**3 - p**2 + 4*p**2 - 6 + p**g. Calculate c(-4).
6
Let t(i) be the first derivative of 1/4*i**4 - 5/3*i**3 - 4*i - 3 + 3*i**2. Determine t(4).
4
Suppose 4*m = i + 11, m = -3*i + 5*i - 13. Let h = i - 5. Let b(c) = 3*c + 2 - 1 - 4. Determine b(h).
9
Let t = 13 + -6. Let o(a) = a**3 - 7*a**2 + a - 9. What is o(t)?
-2
Let w(b) = 3*b**3 - 8*b**2 + 4*b + 1. Let m(s) = -16*s**3 + 41*s**2 - 20*s - 6. Let l(r) = -2*m(r) - 11*w(r). Calculate l(5).
6
Let d(g) = -7*g**3 + 7*g**2 + g. Let z(s) = s**3 - s. Let v(f) = -d(f) - 6*z(f). What is v(6)?
-6
Let k = -4 - -4. Let y(u) = -2*u + 0*u + 0*u - 10 + u. What is y(k)?
-10
Suppose 0 = -9*p - 18*p + 162. Let s(m) be the first derivative of m**4/4 - 5*m**3/3 - 5*m**2/2 - m + 1. Give s(p).
5
Let f(s) = 2*s**2 - 7*s + 7. Let w(v) = 4*v**2 - 15*v + 15. Let k(g) = -13*f(g) + 6*w(g). What is k(1)?
-2
Let p(b) = 7*b + 3. Let u(w) = w - 8*w + 8*w. Let q(t) = -p(t) + 6*u(t). Calculate q(-5).
2
Let h(d) be the second derivative of -d**4/6 - d**3/3 + 9*d. Let o = -2 - 1. Let b be 5/o + 1/(-3). What is h(b)?
-4
Let t be (-2)/(-6) - 7/3. Let m be -15*((-8)/(-5) - 2). Let c(y) = y - 3*y + 2 + 2*y**2 + m*y. Calculate c(t).
2
Let w be (-3)/(((-3)/2)/(-1)). Let a(k) be the third derivative of k**4/24 + k**3/6 + 2*k**2. Determine a(w).
-1
Suppose -173*q + 177*q - 4 = 0. Let w(f) = -5*f**3 + 3*f**2 - 3*f + 1. Let t(k) = -19*k**3 + 13*k**2 - 13*k + 4. Let d(c) = 2*t(c) - 9*w(c). Give d(q).
6
Let h(w) be the first derivative of w**2/2 + 3*w - 1. Let r(g) = -2*g - 4. Let i(n) = -3*h(n) - 2*r(n). Determine i(6).
5
Let r(f) be the second derivative of f + 0 + 1/12*f**4 + 2*f**2 + 2/3*f**3. Give r(-3).
1
Suppose -2*p + 4 - 18 = 0. Let u(h) = h**2 + 6*h - 5. What is u(p)?
2
Let t = 15 + -11. Let o(u) = 3*u**2 + 2*u - u**3 - 2 + 0 + 3*u. Give o(t).
2
Let y be -3 - 208/(-36) - (-4)/18. Let v(n) = -n**3 + 4*n**2 - 2*n - 1. What is v(y)?
2
Suppose 0 = v + 3*t - 4, 3*v - 5*v + 4*t = 2. Let w(r) = -12*r**2 + r - 1. Determine w(v).
-12
Suppose b = -4*r + 22, -3*r = -5*b - 2 - 3. Let u(l) = 3*l**2 - l - 1. Give u(b).
9
Suppose -3*d - 3*v + 12 = 0, 0 = -4*d + 4*v - 0 - 24. Let p(y) = 2*y**2 + 2*y + 1. Calculate p(d).
1
Let z(m) = 9*m**3 + m**2 - 1. Let c be z(1). Suppose -3 = -3*p - c. Let y(t) = -2*t**3 - 3*t**2. Calculate y(p).
4
Let s(h) = h**2 + 9*h - 3*h + 0 + 2. Let d(i) = i**3 - 10*i**2 + 11*i - 6. Let x be d(9). Suppose 5*m - 3*m + 4 = -2*z, -5*z - 3*m - x = 0. What is s(z)?
-7
Let y(l) = l**2 + 4*l - 2. Suppose 20 = -3*c - 34. Let v be 2 - (c/(-2) - 3). Give y(v).
-2
Let o(t) = -2*t + 9. Let c(v) = -v + 5. Let y(a) = -11*c(a) + 6*o(a). Suppose -x + 0*u + 21 = 4*u, 5*x - 5*u - 30 = 0. Let b be 6/(-2)*(-12)/x. Give y(b).
-5
Let f(s) = -s**3 - 7*s**2 + s - 4. Let h(l) = 3*l**3 + 15*l**2 - 3*l + 8. Let d(z) = -5*f(z) - 2*h(z). Determine d(5).
9
Let i = -23 - -26. Let w be (-10)/(-14) -